525.
3
What is the remainder when 1246 is divided by 125?
121
What is the remainder when 4209 is divided by 18?
15
Calculate the remainder when 264 is divided by 140.
124
What is the remainder when 280 is divided by 36?
28
Calculate the remainder when 315 is divided by 89.
48
Calculate the remainder when 399 is divided by 66.
3
What is the remainder when 40 is divided by 21?
19
Calculate the remainder when 890 is divided by 99.
98
What is the remainder when 248 is divided by 64?
56
Calculate the remainder when 4505 is divided by 49.
46
Calculate the remainder when 64 is divided by 36.
28
Calculate the remainder when 409 is divided by 196.
17
What is the remainder when 2667 is divided by 9?
3
What is the remainder when 27 is divided by 16?
11
Calculate the remainder when 49 is divided by 21.
7
What is the remainder when 67 is divided by 17?
16
Calculate the remainder when 887 is divided by 60.
47
Calculate the remainder when 5483 is divided by 28.
23
Calculate the remainder when 760 is divided by 371.
18
What is the remainder when 85 is divided by 10?
5
What is the remainder when 11829 is divided by 232?
229
What is the remainder when 1760 is divided by 18?
14
Calculate the remainder when 241 is divided by 82.
77
Calculate the remainder when 1290 is divided by 574.
142
What is the remainder when 14589 is divided by 10?
9
What is the remainder when 154 is divided by 66?
22
What is the remainder when 545 is divided by 46?
39
What is the remainder when 32 is divided by 2?
0
What is the remainder when 1149 is divided by 167?
147
Calculate the remainder when 2590 is divided by 81.
79
Calculate the remainder when 120 is divided by 12.
0
What is the remainder when 1607 is divided by 17?
9
What is the remainder when 563 is divided by 186?
5
What is the remainder when 9223 is divided by 8?
7
What is the remainder when 8774 is divided by 13?
12
Calculate the remainder when 174 is divided by 160.
14
Calculate the remainder when 4499 is divided by 1497.
8
What is the remainder when 103 is divided by 31?
10
What is the remainder when 438 is divided by 111?
105
What is the remainder when 203 is divided by 20?
3
What is the remainder when 12207 is divided by 39?
0
Calculate the remainder when 237 is divided by 8.
5
Calculate the remainder when 1498 is divided by 66.
46
What is the remainder when 286 is divided by 48?
46
What is the remainder when 1186 is divided by 11?
9
What is the remainder when 259 is divided by 228?
31
What is the remainder when 460 is divided by 28?
12
What is the remainder when 1873 is divided by 67?
64
What is the remainder when 317 is divided by 25?
17
Calculate the remainder when 789 is divided by 13.
9
What is the remainder when 12 is divided by 9?
3
What is the remainder when 179 is divided by 36?
35
Calculate the remainder when 110 is divided by 35.
5
Calculate the remainder when 10898 is divided by 20.
18
Calculate the remainder when 695 is divided by 117.
110
Calculate the remainder when 2878 is divided by 67.
64
What is the remainder when 927 is divided by 62?
59
What is the remainder when 6475 is divided by 72?
67
Calculate the remainder when 215 is divided by 109.
106
Calculate the remainder when 6 is divided by 2.
0
What is the remainder when 42 is divided by 23?
19
What is the remainder when 71 is divided by 31?
9
Calculate the remainder when 71 is divided by 13.
6
Calculate the remainder when 267 is divided by 20.
7
Calculate the remainder when 546 is divided by 139.
129
What is the remainder when 1492 is divided by 23?
20
Calculate the remainder when 586 is divided by 59.
55
What is the remainder when 611 is divided by 532?
79
Calculate the remainder when 210 is divided by 22.
12
What is the remainder when 993 is divided by 71?
70
Calculate the remainder when 350 is divided by 130.
90
What is the remainder when 675 is divided by 10?
5
What is the remainder when 1675 is divided by 171?
136
Calculate the remainder when 23758 is divided by 12.
10
What is the remainder when 4528 is divided by 56?
48
What is the remainder when 130 is divided by 66?
64
Calculate the remainder when 165 is divided by 14.
11
What is the remainder when 130 is divided by 50?
30
What is the remainder when 513 is divided by 99?
18
What is the remainder when 667 is divided by 11?
7
What is the remainder when 152 is divided by 26?
22
What is the remainder when 5023 is divided by 46?
9
Calculate the remainder when 260 is divided by 25.
10
What is the remainder when 108 is divided by 99?
9
Calculate the remainder when 65 is divided by 44.
21
What is the remainder when 202 is divided by 101?
0
Calculate the remainder when 661 is divided by 62.
41
What is the remainder when 38 is divided by 12?
2
Calculate the remainder when 5600 is divided by 1397.
12
What is the remainder when 708 is divided by 64?
4
Calculate the remainder when 95 is divided by 34.
27
Calculate the remainder when 43930 is divided by 28.
26
What is the remainder when 49366 is divided by 264?
262
Calculate the remainder when 775 is divided by 21.
19
What is the remainder when 44 is divided by 25?
19
What is the remainder when 2968 is divided by 18?
16
What is the remainder when 331 is divided by 7?
2
What is the remainder when 63 is divided by 8?
7
Calculate the remainder when 327 is divided by 37.
31
Calculate the remainder when 403 is divided by 92.
35
What is the remainder when 2661 is divided by 99?
87
What is the remainder when 2902 is divided by 723?
10
Calculate the remainder when 393 is divided by 19.
13
Calculate the remainder when 3570 is divided by 1771.
28
Calculate the remainder when 117 is divided by 15.
12
Calculate the remainder when 10139 is divided by 13.
12
Calculate the remainder when 3567 is divided by 9.
3
Calculate the remainder when 350 is divided by 27.
26
Calculate the remainder when 574 is divided by 64.
62
Calculate the remainder when 1039 is divided by 157.
97
What is the remainder when 3152 is divided by 51?
41
Calculate the remainder when 7446 is divided by 108.
102
What is the remainder when 10957 is divided by 16?
13
Calculate the remainder when 19 is divided by 1.
0
What is the remainder when 779 is divided by 39?
38
What is the remainder when 4157 is divided by 33?
32
What is the remainder when 59 is divided by 3?
2
What is the remainder when 25 is divided by 9?
7
What is the remainder when 4077 is divided by 40?
37
Calculate the remainder when 278 is divided by 140.
138
Calculate the remainder when 73 is divided by 55.
18
What is the remainder when 1582 is divided by 144?
142
What is the remainder when 1909 is divided by 123?
64
Calculate the remainder when 3309 is divided by 144.
141
What is the remainder when 129 is divided by 29?
13
What is the remainder when 86 is divided by 22?
20
What is the remainder when 854 is divided by 19?
18
What is the remainder when 117 is divided by 41?
35
What is the remainder when 516 is divided by 103?
1
Calculate the remainder when 115 is divided by 8.
3
Calculate the remainder when 853 is divided by 45.
43
Calculate the remainder when 441 is divided by 130.
51
What is the remainder when 748 is divided by 141?
43
Calculate the remainder when 346 is divided by 89.
79
What is the remainder when 257 is divided by 94?
69
What is the remainder when 89 is divided by 39?
11
What is the remainder when 975 is divided by 98?
93
Calculate the remainder when 139 is divided by 20.
19
Calculate the remainder when 70 is divided by 40.
30
Calculate the remainder when 228 is divided by 58.
54
What is the remainder when 533 is divided by 91?
78
Calculate the remainder when 158 is divided by 10.
8
Calculate the remainder when 386 is divided by 65.
61
Calculate the remainder when 467 is divided by 59.
54
What is the remainder when 865 is divided by 62?
59
Calculate the remainder when 767 is divided by 11.
8
What is the remainder when 8783 is divided by 48?
47
What is the remainder when 343 is divided by 87?
82
What is the remainder when 1364 is divided by 50?
14
What is the remainder when 241 is divided by 9?
7
What is the remainder when 9307 is divided by 49?
46
Calculate the remainder when 4025 is divided by 79.
75
Calculate the remainder when 141 is divided by 48.
45
Calculate the remainder when 5 is divided by 3.
2
Calculate the 